**2 + 70*a + 36. Let k be y(21). Let l = k + -1059. Let v(x) = -x**2 + 5*x + 9. Calculate v(l).
3
Let p(h) = h**3 + 7*h**2 + 7*h + 5. Let b(t) = t**2 - 6*t - 64. Let v be b(-7). Suppose 9*a - v*a = 90. Calculate p(a).
20
Let v = 27 - -50. Suppose -4*i = 3*z + 341, -5*z - 268 - 79 = 4*i. Let o = i + v. Let t(d) = -2*d**2 - 8*d + 1. What is t(o)?
-23
Let z(y) = -y**3 + 2*y**2 - 9*y + 56. Let x be z(4). Let q(r) = r**2 + 12*r - 22. Give q(x).
-22
Let n = 1 + 56. Let t = n - 49. Suppose -3*q + t = -0*y - y, 5*q - 36 = -4*y. Let d(h) = -h**2 + 6*h - 4. Give d(q).
4
Let c(z) be the second derivative of 4*z**3 - 2*z**2 - 546*z. Give c(3).
68
Let p(v) = -2*v**2 - v. Let l be (-348)/(-435)*(-2)/(4/15). Let z(d) = -10*d**2 - 14*d + 4. Let j(m) = l*p(m) + z(m). Let w be -2 + (14/1)/2. Determine j(w).
14
Suppose 0 = 157*m - 146*m + 121. Let a(n) = -n**3 - 9*n**2 + 18*n - 10. Determine a(m).
34
Let h(f) = 2*f**3 - 38*f**2 - 2*f - 7. Suppose 74*i = 116*i - 798. What is h(i)?
-45
Let r(l) be the first derivative of -l**4/4 - 3*l**3 - l**2/2 - 6*l - 175733. Let s(u) = u**3 - 4*u**2 - u + 3. Let m be s(3). Determine r(m).
3
Let h(f) = -f**2 + 32*f - 204. Let z be h(8). Let r(d) = d**3 + 12*d**2 + 7*d + 15. Give r(z).
-69
Let m(f) = -9 - 46*f - 46*f + 138*f - 48*f. Give m(-12).
15
Let z = 636 + -1027. Let m = 387 + z. Let o(y) = -4*y**3 + 7*y - 1. Let j(w) = -3*w**3 + w**2 + 7*w. Let t(p) = 5*j(p) - 4*o(p). Determine t(m).
-8
Suppose 3*z - 4*r = -4, -8*r = -3*z - 6*r + 4. Let p be (z + 15/(-10))/(1/(-4)). Let s(j) = -j**2 - 8*j + 20. Determine s(p).
0
Let g(x) be the third derivative of -89*x**4/24 + 145*x**3/2 + 6531*x**2. What is g(5)?
-10
Let l(p) be the third derivative of -p**4/24 - 7*p**3/2 - 6523*p**2. Calculate l(-9).
-12
Let t(s) = -s**2 - 12*s + 8. Let u(o) = 17*o + 135. Let c be u(-9). Let y be (-1 + -2)/((-6)/c). Calculate t(y).
35
Let z(y) be the second derivative of 28*y - 2*y**2 + 0 + 1/20*y**5 - 1/2*y**4 + y**3. Give z(5).
1
Suppose -5*u - 2*k + 174 = 0, 2*u - 3*k = -26 + 107. Let a(l) = -u - 27 - l + 97 - 28. Give a(9).
-3
Let q(y) = -309*y + 5 + 308*y + y**3 - 5*y**2 - y**2 + 14 - 2*y**2. Calculate q(8).
11
Let b(u) = u**2 + 148*u - 148*u + 1 - 7*u**2. Let n(r) = 6*r + 7. Let v be n(5). Let z = -38 + v. Determine b(z).
-5
Suppose 4 = -o - 3*p, -453*p - 20 = -448*p. Let d(t) = -t**3 + 9*t**2 - 11*t + 10. Determine d(o).
-14
Let d(v) = v**3 - v**2 - 10*v + 3. Let l be d(4). Let q(n) = 2*n - 18. Let j be q(l). Let h(y) = 2*y**2 - 6*y + 4. What is h(j)?
12
Let x(f) = -f**2 + 4*f + 42. Let u = -4060 - -4055. What is x(u)?
-3
Let v = 12131 - 12121. Let l(y) = -7*y + 55. What is l(v)?
-15
Suppose -666*r - 336 = -680*r. Let x(v) be the second derivative of 0 + 7/2*v**2 + 1/6*v**3 + r*v. Give x(-9).
-2
Let v = -2162 - -2163. Let n(j) = -9*j**2 + 5*j - 3. Give n(v).
-7
Let m(t) be the second derivative of -13/2*t**2 + 0 + t**3 - 213*t. Calculate m(3).
5
Let j(z) = -14*z + 36. Let i be (-55 - -53) + (3 - -1). Determine j(i).
8
Let r(w) = -w**3 - 13*w**2 + w + 18. Let d be r(-13). Let z(k) = -120*k + k**2 - 123*k + 239*k. Give z(d).
5
Let q(a) = 54725 - 42*a + 3*a**2 - 54838 + a. Give q(16).
-1
Let w = 10201 + -10194. Let l(o) be the first derivative of o**4/4 - 8*o**3/3 + 5*o**2/2 + 9*o + 1. Determine l(w).
-5
Let o(v) = -10*v - 34. Let l = -462 + 454. Calculate o(l).
46
Let w be 9/21*(0 - 350/(-75)). Let b(m) = 242*m - 486. Calculate b(w).
-2
Let y(c) = c**2 - 7*c - 44. Let t(k) = -14*k**2 - 138*k + 32. Let w be t(-10). What is y(w)?
16
Let c = -223 + 239. Let j(a) = 19*a - 2*a - c*a - 5. Give j(11).
6
Let o(k) = -k**3 - 9*k**2 + 14*k - 7. Let q be (-20)/(-3)*(-6)/4. Give o(q).
-47
Let c(w) = 7*w**2 - 68*w - 7. Let q(i) = 2*i**2 - 17*i + 4. Let a(t) = -3*c(t) + 11*q(t). Give a(-9).
-7
Let i be 3*(-1 - 1)*(-3)/54*-9. Let j(s) = -13*s**3 - 17*s**2 + 11*s - 2. Let g(k) = 7*k**3 + 9*k**2 - 6*k + 1. Let y(n) = 11*g(n) + 6*j(n). Give y(i).
-1
Let c(a) = -41*a**2 + 16*a + 5. Let k(t) be the second derivative of 2*t**4/3 - t**3/2 - t**2/2 + 29*t. Let w(u) = 2*c(u) + 11*k(u). Let v = 7 - 8. Give w(v).
6
Let h(p) = -103*p**3 + 85*p**2 - 49*p + 3. Let y(b) = 19*b**3 - 17*b**2 + 10*b - 1. Let k(i) = -2*h(i) - 11*y(i). Calculate k(5).
-5
Let c(p) = -p**2 - 6*p - 1. Let g be c(-4). Let o(n) = 1005 - 196 - 206 - 199 - 203 - 205 - n. Calculate o(g).
-11
Let t(f) = -3911*f + 86038. Let d be t(22). Let m(z) = -3*z + 7. Let a(x) = 1 - 1 - x. Let v(c) = 4*a(c) - m(c). Determine v(d).
-3
Let a(n) be the second derivative of -2/3*n**3 - 26*n - 3 + 1/12*n**4 + n**2. Give a(5).
7
Let l = -4583 + 4579. Let t(m) = m**3 + 2*m**2 - 6*m - 4. Give t(l).
-12
Let k(y) = -y**2 + 12*y - 4. Let u be ((-2)/5)/((-6)/150). Suppose u = -5*z, -5*j - 8*z + 46 = -6*z. Determine k(j).
16
Let d = -66 + 73. Let v(z) = 6 + 5*z + 10 + 3*z - d*z. Let m be 11/(-33) - (-29)/(-3). Calculate v(m).
6
Suppose 3*m = -4*q - 38 - 40, -4*m = -q + 66. Let r(k) = -4*k - 92. Determine r(m).
-20
Let z(l) = -184*l + 391*l + 26 - 205*l. Give z(-10).
6
Suppose 14*o + 3*o = -68. Suppose -2*h - 2*c = 2*h - 10, 0 = h - c - 1. Let f(l) = -5*l - 2 + 3*l**h - 2*l**2 - 2*l**2 + 0*l. Calculate f(o).
2
Let k be ((-21)/12)/(2/(-8)). Let w be -4 - (-4 + (-4 - -5) + -28). Let m(c) = 32*c - 60*c + 7 + w*c. Determine m(k).
0
Let w(j) = 3*j**2 + 7 + 4 - 11*j**2 + j + 0*j**2 + 3*j**2. Let u be w(0). Let v(n) = -n + 12. What is v(u)?
1
Let c = -3234 - -3230. Let b(h) = -h**3 - 3*h**2 - 7*h - 29. Give b(c).
15
Let t(y) = y**2 - 15*y + 12. Suppose 349 - 367 = -5*r - 3*v, -8 = 2*r + 5*v. What is t(r)?
-42
Let m(a) = -4*a**3 + 5*a**2 + 2*a - 11. Let l(q) = 9*q**3 - 11*q**2 + 22. Let u(d) = -3*l(d) - 7*m(d). Give u(5).
16
Let u = 50 - 39. Let f(l) be the first derivative of l**2 - 8*l + 173. Calculate f(u).
14
Let b(o) = 3*o**2 - 23*o + 6. Let k(w) = 2*w**2 - 22*w + 5. Let v(n) = 3*b(n) - 4*k(n). Let r(m) = 2*m + 1. Let z(u) = 6*r(u) - v(u). Give z(-8).
0
Let l(p) = 7*p**2 + p + 22. Let r(x) = -14*x**2 - 37. Let v(y) = -7*l(y) - 4*r(y). What is v(-1)?
8
Let t(q) = -49*q**2 + 374*q**3 - 10*q - 210*q**3 + 54*q**2 - 163*q**3 + 3*q + 2. Let r be ((-4)/(-6))/(1/(-9)). What is t(r)?
8
Let g(k) = -k**3 - 6*k**2 - 3*k + 7. Let y = 277 + -282. Let a be g(y). Let q(z) = z + 4. Calculate q(a).
1
Let v(m) = -m - 28. Suppose -28*q - 456 + 250 - 410 = 0. Calculate v(q).
-6
Let n(c) = -c**2 + 21*c - 64. Let a be ((-104)/65)/(6/(-15)). Let b be n(a). Let p(y) = -2*y**2 + 4*y + 1. What is p(b)?
-15
Let i(j) = -5*j**2 + 4*j - 19. Let k = -231 + 248. Let l(v) = -14*v**2 + 11*v - 54. Let f(d) = k*i(d) - 6*l(d). Calculate f(4).
-7
Let y(g) = -g**2 + 3*g. Let x(t) be the first derivative of -5*t**3/3 + 7*t**2/2 - 2*t + 376. Let j(k) = x(k) - 6*y(k). Let h = -5 + 16. Calculate j(h).
-2
Let b(w) = -2*w - 5. Let m be b(-6). Suppose m - 11 = -4*p. Let o(z) = 3 - z - 5 - z**2 + 9 - p. What is o(0)?
6
Let j(s) = s**3 + 17*s**2 + 5*s + 22. Let v(y) = -3*y - 2. Let r be v(5). What is j(r)?
-63
Let w(u) be the third derivative of -7*u**4/24 + u**3 + u**2. Suppose -134*x = 858 - 188. Calculate w(x).
41
Let q be (-18)/(-3 + -1 + 95/19). Suppose 0 = -5*h - 3*p, 5*h - 2*p = -1 + 26. Let w be (1/2)/(h/q). Let d(u) = -2*u + 1. Calculate d(w).
7
Let h(d) be the first derivative of -d**3/3 + 13*d**2/2 + 2*d + 2512. Determine h(14).
-12
Let x(o) = 3*o - 1. Let l(w) = 7*w - 2. Let t(g) = 4*l(g) - 7*x(g). Suppose 5 = j - 2*b, 0 = -5*j + 9*j + 3*b + 13. What is t(j)?
-8
Let l(p) = p**2 - 6*p + 3. Let n(q) = 150*q - 2098. Let i be n(14). Calculate l(i).
-5
Let i(d) be the first derivative of d**5/120 - d**4/8 + d**3/3 + 5*d**2/2 + 41. Let m(p) be the third derivative of i(p). What is m(5)?
2
Let y(s) = -6*s - 8 + 2 + 0. Suppose 0 = -d + 54 - 9. Suppose 13*w + d = 4*w. Give y(w).
24
Suppose a + 37 = 2*c + 27, 6*a = 5*c - 46. Let t(g) = -2*g**3 - 10*g**2 + 10*g + 11. Calculate t(a).
23
Suppose -114*f = -125*f + 187. Let k(w) = -5*w + 76. What is k(f)?
-9
Let t = 8 + -7. Let f = -140 - -162. Let s(r) = -31 + f*r - 38 - 35 + 105. Determine s(t).
23
Let i(u) be the first derivative of -u**4/4 - 4*u**3 - 9*u**2 - 7*u - 5727. Determine i(-9).
-88
Suppose -4*w - 28 = 4*b, -4*b - w = -1 + 29. Let g(k) = -5*k - 7. What is g(b)?
28
Let d(r) = -r**3 + 2*r**2 - r + 8. Let o = -837 - -842. 